ighest common factor of 5565 and 140?
35
Calculate the greatest common factor of 259 and 49987.
259
What is the greatest common divisor of 1001 and 154?
77
Calculate the highest common divisor of 13 and 65.
13
Calculate the greatest common factor of 2403 and 89.
89
Calculate the highest common divisor of 14184 and 54.
18
Calculate the highest common factor of 12 and 7212.
12
Calculate the greatest common divisor of 13 and 91.
13
Calculate the greatest common factor of 160 and 3320.
40
What is the highest common factor of 2315 and 5?
5
Calculate the highest common factor of 198 and 12.
6
Calculate the greatest common factor of 6 and 38088.
6
Calculate the greatest common factor of 42 and 196.
14
What is the highest common factor of 15 and 2995?
5
Calculate the greatest common divisor of 18263 and 7.
7
Calculate the highest common divisor of 279 and 63.
9
Calculate the highest common factor of 48 and 762.
6
What is the highest common divisor of 184 and 230?
46
What is the greatest common factor of 1206 and 72?
18
Calculate the greatest common divisor of 399 and 903.
21
Calculate the highest common divisor of 22 and 1408.
22
Calculate the greatest common factor of 85 and 5.
5
Calculate the greatest common divisor of 1116 and 24.
12
What is the greatest common factor of 133 and 190?
19
What is the greatest common factor of 31 and 5146?
31
What is the highest common factor of 78 and 12?
6
Calculate the highest common divisor of 10 and 2110.
10
Calculate the highest common divisor of 77 and 63.
7
What is the greatest common factor of 45 and 36?
9
Calculate the highest common divisor of 132 and 8558.
22
What is the greatest common divisor of 1529 and 11?
11
What is the greatest common factor of 450 and 33?
3
Calculate the highest common divisor of 35 and 65.
5
What is the greatest common factor of 6715 and 85?
85
What is the highest common divisor of 253 and 11?
11
Calculate the greatest common divisor of 38 and 31502.
38
Calculate the highest common divisor of 9 and 15.
3
Calculate the greatest common divisor of 186 and 48.
6
What is the highest common divisor of 930 and 450?
30
What is the highest common divisor of 192 and 1212?
12
What is the greatest common divisor of 36 and 4716?
36
Calculate the highest common factor of 146 and 1022.
146
What is the highest common factor of 160 and 10?
10
Calculate the highest common divisor of 32 and 160.
32
What is the greatest common divisor of 22176 and 132?
132
Calculate the highest common factor of 2934 and 18.
18
What is the highest common divisor of 1358 and 70?
14
What is the greatest common divisor of 3 and 23?
1
Calculate the greatest common factor of 54 and 1044.
18
Calculate the highest common divisor of 63 and 42.
21
Calculate the highest common divisor of 18161 and 381.
127
What is the greatest common factor of 46 and 23?
23
Calculate the greatest common factor of 395 and 79.
79
What is the greatest common factor of 5 and 25?
5
Calculate the highest common divisor of 24 and 2616.
24
What is the greatest common factor of 504 and 112?
56
Calculate the highest common factor of 40 and 6920.
40
Calculate the greatest common factor of 1048 and 40.
8
Calculate the greatest common factor of 192 and 2016.
96
What is the highest common factor of 39 and 13?
13
What is the highest common factor of 2863 and 161?
7
What is the highest common factor of 3013 and 262?
131
Calculate the highest common factor of 351 and 10062.
117
What is the greatest common divisor of 336 and 91?
7
What is the highest common factor of 80 and 50?
10
Calculate the highest common factor of 536 and 1206.
134
What is the greatest common factor of 14 and 952?
14
Calculate the highest common divisor of 544 and 448.
32
Calculate the greatest common divisor of 42 and 3486.
42
Calculate the greatest common factor of 4056 and 108.
12
What is the greatest common factor of 35 and 685?
5
What is the highest common divisor of 250 and 320?
10
Calculate the highest common factor of 27963 and 351.
117
Calculate the highest common factor of 675 and 3645.
135
What is the greatest common divisor of 104 and 8?
8
Calculate the highest common divisor of 70 and 266.
14
What is the greatest common divisor of 552 and 483?
69
Calculate the highest common factor of 42 and 3780.
42
Calculate the greatest common divisor of 1610 and 14.
14
What is the highest common divisor of 282 and 3478?
94
Calculate the greatest common divisor of 2641 and 2780.
139
What is the greatest common divisor of 1786 and 282?
94
Calculate the highest common factor of 3420 and 330.
30
Calculate the highest common factor of 575 and 69.
23
What is the greatest common factor of 53 and 53?
53
Calculate the highest common divisor of 7719 and 186.
93
Calculate the greatest common divisor of 74 and 65342.
74
Calculate the greatest common divisor of 1648 and 36668.
412
Calculate the highest common divisor of 76 and 836.
76
What is the greatest common divisor of 31 and 62?
31
What is the greatest common factor of 2 and 554?
2
Calculate the highest common divisor of 132 and 1892.
44
What is the highest common divisor of 264 and 99?
33
Calculate the highest common factor of 14 and 29.
1
Calculate the highest common factor of 19 and 9.
1
What is the highest common factor of 112 and 115696?
112
Calculate the highest common divisor of 716 and 8.
4
What is the greatest common divisor of 3 and 24?
3
Calculate the greatest common factor of 14 and 686.
14
Calculate the highest common divisor of 172 and 473.
43
What is the highest common factor of 384 and 60?
12
What is the greatest common factor of 671 and 352?
11
What is the highest common factor of 152 and 1558?
38
Calculate the highest common divisor of 3 and 1.
1
What is the highest common factor of 217 and 21917?
217
What is the highest common divisor of 108 and 243?
27
What is the greatest common factor of 100 and 850?
50
What is the greatest common factor of 82 and 64?
2
Calculate the greatest common divisor of 39 and 17056.
13
What is the highest common divisor of 69 and 13317?
69
Calculate the highest common divisor of 79 and 8137.
79
Calculate the greatest common divisor of 600 and 1380.
60
What is the highest common factor of 474 and 96?
6
Calculate the highest common divisor of 3497 and 13.
13
Calculate the greatest common divisor of 77 and 49.
7
What is the greatest common factor of 30 and 225?
15
Calculate the greatest common divisor of 1390 and 30.
10
Calculate the highest common divisor of 90 and 180.
90
Calculate the greatest common factor of 12 and 279.
3
Calculate the highest common divisor of 60 and 15.
15
Calculate the greatest common factor of 2420 and 385.
55
What is the greatest common factor of 464 and 11716?
116
Calculate the highest common factor of 884 and 52.
52
What is the greatest common divisor of 105 and 665?
35
What is the highest common factor of 801 and 9?
9
Calculate the highest common divisor of 104 and 1924.
52
Calculate the highest common divisor of 141 and 6.
3
What is the highest common divisor of 770 and 4?
2
What is the greatest common divisor of 56 and 189?
7
What is the greatest common divisor of 2 and 1?
1
What is the greatest common divisor of 162 and 38?
2
Calculate the greatest common divisor of 85184 and 121.
121
What is the greatest common divisor of 2177 and 7?
7
Calculate the greatest common factor of 1140 and 1350.
30
What is the highest common divisor of 22 and 7766?
22
Calculate the highest common factor of 15 and 15765.
15
What is the greatest common divisor of 19 and 5377?
19
Calculate the greatest common divisor of 51 and 1479.
51
What is the greatest common divisor of 1890 and 6?
6
Calculate the greatest common factor of 2232 and 36.
36
What is the greatest common divisor of 544 and 1394?
34
What is the greatest common factor of 168 and 1113?
21
Calculate the greatest common divisor of 105 and 280.
35
What is the highest common factor of 729 and 567?
81
What is the highest common factor of 3 and 1623?
3
What is the highest common factor of 920 and 55660?
460
What is the highest common divisor of 96 and 3?
3
What is the greatest common divisor of 3618 and 108?
54
What is the greatest common factor of 210 and 19460?
70
Calculate the greatest common divisor of 1413 and 9.
9
What is the grea